3651 prime?
True
Is 4045079 prime?
False
Is 1397 composite?
True
Is 211895 a prime number?
False
Is 14941 a composite number?
True
Is 2243 a composite number?
False
Is 130583 prime?
False
Is 269587 prime?
False
Is 26303 composite?
True
Is 316643 composite?
True
Is 8861 prime?
True
Is 13087 prime?
False
Is 2501 composite?
True
Is 592645 a composite number?
True
Is 187631 prime?
True
Is 54973 prime?
True
Is 205391 a prime number?
True
Is 729451 a composite number?
False
Is 3527 composite?
False
Is 15481 prime?
False
Is 19271 prime?
False
Is 907 composite?
False
Is 26339 composite?
False
Is 19307 composite?
True
Is 208553 prime?
True
Is 2708771 composite?
True
Is 194809 a composite number?
False
Is 907 a composite number?
False
Is 456991 prime?
True
Is 149053 composite?
False
Is 83833 a prime number?
True
Is 31273 composite?
True
Is 5039 a composite number?
False
Is 214577 composite?
True
Is 540677 prime?
True
Is 142319 composite?
False
Is 46853 a composite number?
False
Is 15311 composite?
True
Is 42043 a composite number?
False
Is 3808333 prime?
True
Is 80897 composite?
False
Is 5849 composite?
False
Is 16049 prime?
False
Is 21913 a prime number?
False
Is 305741 composite?
False
Is 23159 prime?
True
Is 36485 a prime number?
False
Is 38149 composite?
False
Is 5953 prime?
True
Is 1109 composite?
False
Is 2402497 a prime number?
True
Is 7717 composite?
False
Is 905731 prime?
False
Is 9293 composite?
False
Is 95971 composite?
False
Is 409447 a prime number?
False
Is 308387 a prime number?
False
Is 443453 prime?
True
Is 26329 a composite number?
True
Is 41845 a prime number?
False
Is 16477 composite?
False
Is 1151 prime?
True
Is 122099 composite?
False
Is 157303 a composite number?
False
Is 3557 composite?
False
Is 7433 a composite number?
False
Is 24169 a prime number?
True
Is 82261 prime?
True
Is 6547 prime?
True
Is 35729 a composite number?
False
Is 39359 a prime number?
True
Is 68933 a composite number?
True
Is 587 a composite number?
False
Is 33437 composite?
True
Is 13989 composite?
True
Is 102343 a composite number?
True
Is 95827 prime?
False
Is 1499 a composite number?
False
Is 1425341 composite?
True
Is 1726 composite?
True
Is 298651 a prime number?
True
Is 104063 composite?
True
Is 119713 a composite number?
True
Is 2569 a prime number?
False
Is 49301 a prime number?
False
Is 2309 composite?
False
Is 2459 a prime number?
True
Is 33721 composite?
False
Is 8683 prime?
False
Is 4781 a prime number?
False
Is 87697 composite?
False
Is 599749 a prime number?
False
Is 869233 prime?
True
Is 22969 a composite number?
True
Is 420747 a composite number?
True
Is 27373 a composite number?
True
Is 50497 a composite number?
False
Is 235069 a prime number?
True
Is 7663 prime?
False
Is 58301 prime?
False
Is 62659 prime?
True
Is 1363361 a composite number?
False
Is 124143 a prime number?
False
Is 413 a prime number?
False
Is 3989 composite?
False
Is 12847 composite?
True
Is 179981 a prime number?
True
Is 3631 a prime number?
True
Is 468913 composite?
False
Is 15178 a prime number?
False
Is 44563 a composite number?
False
Is 8251 prime?
False
Is 70451 a prime number?
True
Is 580513 a composite number?
False
Is 342941 a composite number?
True
Is 100649 a prime number?
True
Is 29789 composite?
False
Is 275791 composite?
True
Is 104581 prime?
False
Is 5981 prime?
True
Is 400397 a prime number?
False
Is 34189 a prime number?
False
Is 294241 composite?
False
Is 839737 prime?
False
Is 655817 composite?
True
Is 31643 prime?
True
Is 1640681 a prime number?
False
Is 8059 a prime number?
True
Is 469559 a prime number?
False
Is 15389 composite?
True
Is 10453 a prime number?
True
Is 84913 composite?
False
Is 469711 composite?
True
Is 398287 prime?
True
Is 79423 prime?
True
Is 1236505 a prime number?
False
Is 1621 a composite number?
False
Is 551 a composite number?
True
Is 46087 a prime number?
False
Is 1106719 a composite number?
True
Is 23843 prime?
False
Is 2859 prime?
False
Is 11569 a prime number?
False
Is 51407 a prime number?
True
Is 148817 prime?
True
Is 108427 a composite number?
True
Is 1266857 a composite number?
True
Is 97229 a composite number?
True
Is 1781 composite?
True
Is 5227 composite?
False
Is 9127 prime?
True
Is 28009 a composite number?
True
Is 10037 prime?
True
Is 910961 composite?
True
Is 1383037 composite?
False
Is 4621 composite?
False
Is 61751 composite?
False
Is 84377 a composite number?
False
Is 12131 a composite number?
True
Is 95881 a prime number?
True
Is 626443 composite?
False
Is 666479 composite?
True
Is 208037 composite?
False
Is 28121 prime?
False
Is 29765 a composite number?
True
Is 4417 a prime number?
False
Is 2504129 a prime number?
True
Is 12821 a composite number?
False
Is 1369379 a prime number?
False
Is 5183 a prime number?
False
Is 11371 prime?
False
Is 396259 prime?
True
Is 317435 prime?
False
Is 1693 a prime number?
True
Is 2539 prime?
True
Is 3221 a composite number?
False
Is 1558387 a prime number?
True
Is 47602 a prime number?
False
Is 17198 prime?
False
Is 609337 a composite number?
False
Is 64433 a prime number?
True
Is 8909 a prime number?
False
Is 4007 prime?
True
Is 21763 a composite number?
True
Is 12781 a prime number?
True
Is 20639 a prime number?
True
Is 532901 a prime number?
False
Is 28261 a prime number?
False
Is 10709 composite?
False
Is 117463 prime?
False
Is 156577 a composite number?
False
Is 516049 prime?
True
Is 1046123 a prime number?
False
Is 13647 a composite number?
True
Is 42043 composite?
False
Is 1313 a composite number?
True
Is 32605 a composite number?
True
Is 127423 composite?
False
Is 271 a prime number?
True
Is 55763 a prime number?
True
Is 90893 a prime number?
False
Is 327059 a prime number?
True
Is 497501 a prime number?
True
Is 17723 a composite number?
True
Is 7114 a prime number?
False
Is 170551 prime?
True
Is 271769 prime?
True
Is 21647 composite?
False
Is 34913 a composite number?
False
Is 17093 prime?
True
Is 10991 a prime number?
False
Is 344723 a composite number?
True
Is 93679 a composite number?
True
Is 3013 prime?
False
Is 863909 composite?
False
Is 411181 composite?
True
Is 46583 a prime number?
False
Is 11107 a composite number?
True
Is 1790519 prime?
False
Is 49359 prime?
False
Is 180589 a prime number?
False
Is 192503 prime?
False
Is 1492795 a prime number?
False
Is 48731 a composite number?
False
Is 75503 prime?
True
Is 154543 a prime number?
True
Is 323 a prime number?
False
Is 32191 prime?
True
Is 335107 a composite number?
False
Is 10123 a prime number?
False
Is 96595 prime?
False
Is 207661 prime?
True
Is 2401891 prime?
True
Is 32467 a prime number?
True
Is 19067 a composite number?
True
Is 17231 prime?
True
Is 797 a prime number?
True
Is 1855049 composite?
True
Is 51089 a prime number?
False
Is 94421 a prime number?
True
Is 273233 prime?
True
Is 109637 a composite number?
True
Is 2179 prime?
True
Is 566569 a composite number?
True
Is 93977 a prime number?
False
Is 4099 prime?
True
Is 3511 composite?
False
Is 90331 a prime number?
False
Is 58711 prime?
True
Is 329761 composite?
False
Is 36903 a prime number?
False
Is 15817 a composite number?
False
Is 1433609 a composite number?
True
Is 90065 composite?
True
Is 6081 prime?
False
Is 3432697 a prime number?
True
Is 877231 a prime number?
False
Is 99949 a prime number?
False
Is 2423999 prime?
True
Is 13649 a prime number?
True
Is 5435 composite?
True
Is 40253 a prime number?
True
Is 1393355 composite?
True
Is 47537 prime?
False
Is 4791 a composite number?
True
Is 34535 a composite number?
True
Is 7499 composite?
False
Is 145177 a prime number?
True
Is 33997 a prime number?
True
Is 7933 composite?
False
Is 40882 prime?
False
Is 37171 a composite number?
False
Is 20491 composite?
True
Is 199831 a composite number?
False
Is 118 composite?
True
Is 691979 prime?
True
Is 8251 composite?
True
Is 49433 a prime number?
True
Is 187 a prime number?
False
Is 275543 a prime number?
True
Is 971 prime?
True
Is 7405 composite?
True
Is 981233 prime?
False
Is 160861 a prime number?
True
Is 6483 a composite number?
True
Is 54447 a prime number?
False
Is 9547 a prime number?
True
Is 138239 composite?
False
Is 7717 prime?
True
Is 719 a composite number?
False
Is 6295 a composite number?
True
Is 2053 composite?
False
Is 39911 prime?
False